156 divide 2717988?
True
Does 66 divide 8658219?
False
Is 14 a factor of 2179147?
False
Does 274 divide 534574?
True
Is 13 a factor of 706446?
True
Does 711 divide 55458?
True
Is 11004994 a multiple of 13?
True
Is 2879226 a multiple of 378?
True
Is 83864 a multiple of 44?
True
Is 29966 a multiple of 162?
False
Is 41 a factor of 7662403?
False
Is 43 a factor of 463862?
False
Is 11 a factor of 1940163?
False
Is 81 a factor of 49037?
False
Is 111 a factor of 5904130?
False
Is 96228 a multiple of 27?
True
Is 357680 a multiple of 4?
True
Is 763 a factor of 268682?
False
Is 2 a factor of 2285104?
True
Does 783 divide 16150158?
True
Is 14 a factor of 3722762?
False
Is 17 a factor of 446590?
True
Does 37 divide 91033?
False
Is 78 a factor of 118240?
False
Is 163 a factor of 3915237?
False
Is 1885870 a multiple of 70?
True
Does 70 divide 92260?
True
Is 49700 a multiple of 35?
True
Is 154 a factor of 312574?
False
Is 28 a factor of 1066348?
False
Is 7589222 a multiple of 1726?
True
Is 1522886 a multiple of 53?
False
Is 26 a factor of 1074606?
True
Is 1607166 a multiple of 2?
True
Is 26831760 a multiple of 48?
True
Is 347072 a multiple of 88?
True
Is 28 a factor of 525700?
True
Is 202793 a multiple of 381?
False
Is 11 a factor of 466537?
False
Does 56 divide 401856?
True
Does 45 divide 9051705?
True
Is 6554149 a multiple of 97?
False
Is 114 a factor of 14663187?
False
Is 172 a factor of 10389650?
False
Is 115824 a multiple of 38?
True
Is 875680 a multiple of 52?
True
Is 2159424 a multiple of 88?
False
Does 480 divide 37270?
False
Is 275 a factor of 1618464?
False
Is 197056 a multiple of 16?
True
Is 877 a factor of 17198781?
False
Is 257050 a multiple of 16?
False
Is 1727625 a multiple of 255?
True
Does 12 divide 674600?
False
Does 4 divide 22514?
False
Does 17 divide 242369?
True
Is 8219042 a multiple of 12?
False
Does 47 divide 358312?
False
Is 246400 a multiple of 350?
True
Does 97 divide 366801?
False
Is 40458 a multiple of 4?
False
Does 712 divide 916195?
False
Is 289 a factor of 2860522?
True
Is 38888 a multiple of 49?
False
Is 9 a factor of 11649762?
True
Does 15 divide 8745?
True
Does 44 divide 2576417?
False
Does 8 divide 605784?
True
Is 9 a factor of 3266181?
True
Is 2777667 a multiple of 2?
False
Is 6 a factor of 2958877?
False
Does 18 divide 100110?
False
Is 19 a factor of 4775213?
True
Does 40 divide 31240?
True
Is 1510969 a multiple of 97?
True
Is 44089 a multiple of 247?
False
Does 209 divide 857838?
False
Is 129928 a multiple of 22?
False
Does 17 divide 266407?
True
Is 2068088 a multiple of 88?
True
Does 33 divide 485661?
True
Is 7796086 a multiple of 50?
False
Does 7 divide 415605?
False
Is 80 a factor of 254804?
False
Is 64094 a multiple of 146?
True
Does 18 divide 34684923?
False
Is 22 a factor of 34233?
False
Is 39 a factor of 3379853?
False
Is 97 a factor of 289357?
False
Is 6253810 a multiple of 28?
False
Is 642736 a multiple of 68?
True
Is 231 a factor of 1063836?
False
Is 24 a factor of 28488?
True
Is 8237878 a multiple of 216?
False
Is 841372 a multiple of 302?
True
Is 6 a factor of 5678?
False
Does 679 divide 5027316?
True
Is 133 a factor of 66816?
False
Does 8 divide 590104?
True
Is 50390 even?
True
Does 105 divide 36696?
False
Does 31 divide 6953636?
False
Does 3 divide 441026?
False
Does 71 divide 419786?
False
Is 16 a factor of 9329?
False
Is 5467925 a multiple of 24?
False
Does 13 divide 2389328?
False
Is 91038 a multiple of 998?
False
Does 8 divide 82028?
False
Does 34 divide 941722?
False
Does 63 divide 17093953?
False
Is 57188 a multiple of 116?
True
Does 68 divide 1286792?
False
Is 144071 a multiple of 16?
False
Is 64152 a multiple of 2?
True
Is 51 a factor of 139831?
False
Does 55 divide 2021965?
True
Is 234 a factor of 449748?
True
Is 117920 a multiple of 44?
True
Is 47670 a multiple of 21?
True
Is 615123 a multiple of 468?
False
Does 536 divide 200065?
False
Does 216 divide 9566621?
False
Is 7893756 a multiple of 117?
True
Is 18 a factor of 4524820?
False
Does 99 divide 116041?
False
Is 99949 a multiple of 42?
False
Is 163 a factor of 285576?
True
Is 68 a factor of 6092800?
True
Does 660 divide 619770?
False
Does 2 divide 56780?
True
Is 26 a factor of 889463?
False
Is 4 a factor of 247163?
False
Does 1239 divide 13564572?
True
Is 280523 a multiple of 163?
True
Is 150 a factor of 7958945?
False
Is 726858 a multiple of 18?
True
Is 21 a factor of 159356?
False
Is 18511872 a multiple of 23?
True
Does 6 divide 26236?
False
Is 341876 a multiple of 18?
False
Does 647 divide 766695?
True
Does 27 divide 87236?
False
Is 1269270 a multiple of 6?
True
Does 27 divide 2175625?
False
Is 4182 a multiple of 10?
False
Is 5154310 a multiple of 469?
True
Is 444813 a multiple of 283?
False
Is 63 a factor of 968082?
False
Is 191 a factor of 39563489?
False
Is 288324 a multiple of 36?
True
Is 111304 a multiple of 11?
False
Is 495900 a multiple of 1140?
True
Is 47 a factor of 4528450?
True
Is 51356 a multiple of 192?
False
Does 19 divide 1792146?
False
Is 743 a factor of 3896398?
False
Is 744226 a multiple of 17?
True
Is 393536 a multiple of 64?
True
Is 788663 a multiple of 37?
False
Does 147 divide 78061?
False
Does 27 divide 74262?
False
Is 9 a factor of 93504?
False
Does 69 divide 908178?
True
Is 107 a factor of 1910897?
False
Is 18 a factor of 239184?
True
Does 135 divide 9520671?
False
Does 85 divide 3408585?
True
Is 1048 a factor of 5933776?
True
Is 10196691 a multiple of 103?
True
Is 233 a factor of 337850?
True
Does 329 divide 1124786?
False
Is 30136 a multiple of 3?
False
Does 81 divide 682425?
True
Is 122 a factor of 330620?
True
Does 24 divide 382536?
True
Is 3485317 a multiple of 11?
True
Does 74 divide 11846364?
True
Does 19 divide 677555?
False
Is 796968 a multiple of 9?
True
Is 351849 a multiple of 51?
True
Is 13 a factor of 1515904?
True
Does 649 divide 515955?
True
Does 99 divide 693373?
False
Does 281 divide 133419?
False
Is 292 a factor of 2383012?
True
Does 21 divide 2127612?
False
Does 35 divide 4323019?
False
Does 9 divide 99279?
True
Is 19 a factor of 92549?
True
Does 6 divide 11547946?
False
Is 25434882 a multiple of 114?
True
Is 35 a factor of 131110?
True
Does 45 divide 1053585?
True
Is 10 a factor of 40070?
True
Is 88 a factor of 31768?
True
Does 34 divide 2852068?
False
Is 83054 a multiple of 131?
True
Does 10 divide 51078?
False
Is 9953606 a multiple of 13?
True
Is 81 a factor of 4443498?
True
Does 16 divide 3358876?
False
Is 72926 a multiple of 14?
True
Does 8 divide 9053?
False
Does 855 divide 730170?
True
Is 15 a factor of 1356310?
False
Is 17 a factor of 94107?
False
Is 30 a factor of 695580?
True
Is 58 a factor of 8107864?
False
Is 10 a factor of 814720?
True
Is 84165 a multiple of 33?
False
Is 58 a factor of 468060?
True
Does 345 divide 1062272?
False
Is 108147 a multiple of 177?
True
Does 4 divide 12656?
True
Is 1613587 a multiple of 152?
False
Is 52494 a multiple of 33?
False
Does 103 divide 5597337?
False
Does 112 divide 15673124?
False
Does 16 divide 1062368?
True
Is 18315 a multiple of 45?
True
Is 598331 a multiple of 100?
False
Is 145 a factor of 16675?
True
Is 4599 a multiple of 2?
False
Is 225728 a multiple of 405?
False
Does 33 divide 31020?
True
Is 18382314 a multiple of 21?
False
Is 354 a factor of 293112?
True
Does 948 divide 5781700?
False
Is 47 a factor of 174954?
False
Is 306582 a multiple of 6?
True
Is 932291 a multiple of 45?
False
Does 59 divide 4975181?
False
Is 170226 a multiple of 94?
False
Is 2 a factor of 144373?
False
Is 160498 a multiple of 131?
False
Is 15 a factor of 2060265?
True
Is 266 a factor of 273714?
True
Is 331 a factor of 802711?
False
Is 16 a factor of 187559?
False
Is 21942531 a multiple of 13?
True
Is 65 a factor of 83205?
False
Is 102 a factor of 101431?
False
Does 269 divide 699131?
True
Is 54 a factor of 2483406?
True
Does 35 divide 15186662?
False
Is 376554 a multiple of 360?
False
Is 31701 a multiple of 4?
False
Does 18 divide 183318?
False
Does 248 divide 105896?
True
Does 14 divide 2964262?
True
Is 449 a factor of 311157?
True
Is 1498 a multiple of 214?
True
Is 2883509 a multiple of 16?
False
Does 3 divide 30865?
False
Is 117 a factor of 1777464?
True
Is 13 a factor of 2167724?
True
Does 14 divide 632338?
True
Does 18 divide 307557?
False
Is 457647 a multip